(c) = -102*c - 750. Give m(2).
-954
Let d(t) = -35*t**2 - 1891*t - 5419. Determine d(-3).
-61
Let m(l) = -392*l - 6733. Calculate m(-11).
-2421
Let c(y) = -2931*y + 26501. What is c(9)?
122
Let u(f) = -f**2 + 499*f + 10641. Calculate u(-20).
261
Let g(z) = 2362*z + 951881. What is g(-403)?
-5
Let r(a) = 330220*a - 1651091. Calculate r(5).
9
Let c(w) = -6*w**2 + 353*w + 2152. What is c(-6)?
-182
Let w(s) = -3*s**3 + 717*s**2 + 7494*s - 5949. Give w(249).
27
Let q(x) = 1032*x - 49206. Determine q(48).
330
Let w(b) = -b**3 - 55*b**2 - 17*b + 612. Give w(-54).
-1386
Let b(h) = -3*h**2 - 7*h + 3378. Give b(-34).
148
Let c(z) = 53*z - 70. What is c(5)?
195
Let n(m) = 369*m**2 + 2185*m + 20. Give n(-6).
194
Let n(v) = 1238*v**2 - 110181*v - 44. Determine n(89).
45
Let d(c) = -52*c**2 - 669*c + 233. Calculate d(-13).
142
Let k(j) = -j**2 - 659*j - 49755. Determine k(-90).
1455
Let d(l) = -l**3 - 151*l**2 - 673*l - 78447. Determine d(-150).
3
Let t(v) = 679*v + 36296. What is t(-53)?
309
Let r(q) = q**2 + 324*q - 263342. Determine r(376).
-142
Let t(m) = 9144*m + 210360. What is t(-23)?
48
Let z(i) = i**2 + 586*i + 25324. What is z(-46)?
484
Let f(r) = 6157*r + 30870. Determine f(-5).
85
Let p(x) = 5*x**2 + 4125*x + 32665. Calculate p(-8).
-15
Let u(i) = 3*i**2 + 4600*i + 1156743. What is u(-317)?
10
Let t(f) = -2423*f - 19491. Determine t(-8).
-107
Let j(v) = -v**3 + 246*v**2 - 13679*v - 1017. Calculate j(161).
-51
Let j(b) = -b**3 - 61*b**2 - 245*b + 134. Determine j(-5).
-41
Let t(h) = 105*h + 3481. Calculate t(-39).
-614
Let w(z) = -4*z**2 - 417*z + 121. Give w(-104).
225
Let d(n) = -5987*n - 143653. What is d(-24)?
35
Let h(n) = 13*n**2 + 235*n + 996. What is h(-7)?
-12
Let i(b) = 348*b**3 - 90*b**2 + 68*b + 22. Give i(1).
348
Let d(i) = 16*i**2 - 19546*i + 97717. Determine d(5).
387
Let y(r) = 4*r**3 + 131*r**2 - 60*r + 61. Determine y(-33).
952
Let y(o) = -2*o**2 - 302*o + 16668. Calculate y(43).
-16
Let c(b) = 4610*b**2 + 806750*b - 9. Give c(-175).
-9
Let c(h) = h**3 - 5*h**2 + 1299*h - 5202. What is c(4)?
-22
Let t(u) = 1485*u - 746922. What is t(503)?
33
Let q(j) = -4*j**3 - 69*j**2 + 5*j + 310. Give q(-17).
-64
Let b(a) = a**3 - 50*a**2 - 234*a + 340. Calculate b(-7).
-815
Let t(g) = 10863*g + 97770. Calculate t(-9).
3
Let u(r) = 222*r**2 + 4719*r + 1170. What is u(-21)?
-27
Let f(k) = 1605*k**2 - 43312*k - 612. What is f(27)?
9
Let t(h) = -4*h**3 - h**2 + 10*h + 69. Calculate t(0).
69
Let n(d) = d**3 + 6*d**2 + 571*d + 5893. Determine n(-10).
-217
Let k(j) = 435*j + 181845. Determine k(-418).
15
Let a(s) = -3*s**2 + 263798*s - 2637688. Determine a(10).
-8
Let n(i) = 3376*i - 70837. What is n(21)?
59
Let w(s) = -221*s + 1765. Determine w(9).
-224
Let m(c) = c**3 - 5*c**2 - 41*c - 163. Calculate m(10).
-73
Let g(r) = r**3 + 141*r**2 - 19525*r - 755. Determine g(-227).
-74
Let y(n) = n**3 + 15*n**2 + 80*n + 140. Give y(0).
140
Let u(y) = -59121*y - 768558. Give u(-13).
15
Let j(b) = -46*b**3 + 7175*b**2 + 7332*b + 7381. Calculate j(157).
2
Let y(q) = -3*q**2 - 1598*q + 9643. Calculate y(6).
-53
Let n(v) = 7367*v + 29453. What is n(-4)?
-15
Let g(z) = -53*z**2 + 1707*z + 1370. Determine g(33).
-16
Let c(x) = 4*x**2 + 26*x + 471. Calculate c(-10).
611
Let c(d) = 3*d**2 + 13872*d - 180846. Calculate c(13).
-3
Let i(m) = -2*m**3 + 136*m**2 + 460*m - 2106. Calculate i(71).
308
Let x(f) = -2*f**3 + 3*f**2 - 254*f - 1. Calculate x(0).
-1
Let w(r) = 9*r**3 - 289*r**2 + 55*r + 332. What is w(32)?
1068
Let i(t) = -7503863*t + 22511592. What is i(3)?
3
Let w(k) = -10*k**2 + 2137*k - 3513. Determine w(212).
91
Let z(k) = -k**2 - 479*k - 56359. Give z(-208).
9
Let z(a) = -a**2 - 260*a + 2939. Give z(11).
-42
Let r(c) = -15*c**2 - 1614*c + 2489. What is r(-109)?
200
Let q(n) = -n**3 - 7*n**2 + 16583*n + 132748. Give q(-8).
148
Let o(q) = -14*q**2 + 2305*q - 4602. What is o(2)?
-48
Let u(b) = 7274*b - 1251127. Determine u(172).
1
Let s(p) = -40*p**3 + 40*p**2 + 650*p + 650. What is s(-1)?
80
Let z(m) = -22*m**2 - 7485*m - 72662. Calculate z(-10).
-12
Let q(j) = -j**3 - 174*j**2 + 1642*j - 1010. Determine q(-183).
-95
Let n(h) = -11*h**3 + 136*h**2 - 60*h + 304. Give n(12).
160
Let h(v) = -279*v + 62738. Determine h(226).
-316
Let h(s) = 49*s**3 - 177*s**2 - 10*s + 6. What is h(4)?
270
Let v(g) = 2*g**3 + 709*g**2 + 3119*g - 10853. Calculate v(-350).
-3
Let f(z) = -2*z**3 + 5*z**2 + 34*z + 58. What is f(0)?
58
Let h(o) = 6798*o**3 - 20*o**2 + 9*o + 9. Calculate h(1).
6796
Let x(h) = 24*h**2 + 1314*h + 1291. Calculate x(-1).
1
Let r(d) = 10813*d + 994786. What is r(-92)?
-10
Let m(w) = 1030*w**3 + 3*w**2 + 6*w - 3. Calculate m(1).
1036
Let c(w) = -w**3 - 43*w**2 + 332*w - 14139. What is c(-54)?
9
Let l(w) = -w**2 - 2047*w - 117272. Give l(-59).
20
Let y(m) = 229*m**2 - 6877*m + 209. Determine y(30).
-1
Let d(m) = 855*m**3 - 17108*m**2 + 161*m - 43. Calculate d(20).
-23
Let s(p) = p**3 - 13*p**2 + 7*p - 103. What is s(9)?
-364
Let a(k) = -1093*k - 1404. Determine a(-1).
-311
Let c(b) = 3318*b**2 - 26543*b - 3. Determine c(8).
5
Let q(l) = -7*l**3 + 790*l**2 - 803*l + 103449. Determine q(113).
-59
Let b(n) = -n**3 - 1881*n**2 - 27839*n + 281766. Determine b(-1866).
0
Let f(z) = 84*z**2 + 173*z - 5. Calculate f(-2).
-15
Let x(r) = 9*r**2 - 762*r + 464. Calculate x(84).
-40
Let p(k) = -k**2 + 160*k + 26357. Determine p(261).
-4
Let d(v) = -v**3 + 111*v**2 + 109*v - 761. Determine d(112).
-1097
Let k(y) = -67*y**3 - 349*y**2 - 113*y - 561. What is k(-5)?
-346
Let k(s) = -s**3 + 11460*s**2 + 57324*s - 3. What is k(-5)?
2
Let a(k) = 2*k**2 + 303*k + 4683. Calculate a(-134).
-7
Let s(v) = -189*v + 9463. Determine s(45).
958
Let o(j) = 164*j**2 + 60676*j - 1470. Determine o(-370).
10
Let k(n) = 446927*n + 4022352. Determine k(-9).
9
Let f(j) = -15816*j - 3005038. What is f(-190)?
2
Let b(l) = l**2 - 8936*l - 1325969. Determine b(-146).
3
Let o(p) = p**2 + 4697*p - 617613. Calculate o(128).
-13
Let u(r) = 1462*r**2 + 9990*r - 1730. What is u(-7)?
-22
Let c(t) = -t**2 + 992*t + 36317. What is c(-35)?
372
Let x(b) = -2*b**2 - 492*b + 49305. Calculate x(77).
-437
Let b(u) = 29*u**3 + 2492*u**2 - 155*u + 1483. Calculate b(-86).
21
Let n(w) = 9*w**2 + 1115*w + 1021. Determine n(-123).
37
Let j(v) = -9*v**3 - 5*v**2 + 503*v - 2015. Determine j(4).
-659
Let z(k) = k**3 - 188*k**2 + 819*k - 15292. What is z(184)?
-20
Let l(r) = 4*r + 697. Determine l(107).
1125
Let q(n) = 13355*n + 213715. Give q(-16).
35
Let r(l) = -2046*l + 182112. Determine r(89).
18
Let y(v) = -288*v**2 - 2122*v - 707. What is y(-7)?
35
Let b(c) = -c**3 - 14*c**2 - 766*c - 12744. Determine b(-16).
24
Let a(w) = 33*w**3 + 15*w**2 - 97*w - 68. Give a(5).
3947
Let c(n) = 372*n + 43930. Determine c(-118).
34
Let q(n) = n**2 - 1669*n - 8369. Determine q(-5).
1
Let m(k) = -10*k**3 - 20*k**2 + 156*k + 314. Give m(-2).
2
Let p(q) = -2*q**3 - 477*q**2 - 233*q - 2655. Determine p(-238).
-3845
Let h(a) = -19*a**2 + 8934*a + 61536. Give h(477).
3
Let g(z) = -41*z**2 - 22849*z - 6704. Give g(-557).
-20
Let a(d) = 14608*d - 29089. Determine a(2).
127
Let a(h) = 1902*h - 137116. Determine a(72).
-172
Let y(l) = -28829*l + 1153159. Calculate y(40).
-1
Let o(q) = 6982*q - 69602. Calculate o(10).
218
Let u(s) = 1705*s**3 - 5*s**2 + 79*s - 78. What is u(1)?
1701
Let d(s) = -12*s**2 - 1261*s + 15329. Determine d(11).
6
Let x(d) = d**3 + 65*d**2 - 3370*d - 415. What is x(-99)?
-19
Let r(j) = 3*j**2 - 186*j - 106. Calculate r(71).
1811
Let w(o) = 99373*o - 4968611. Give w(50).
39
Let m(u) = -8283*u + 530080. Give m(64).
-32
Let z(x) = -5*x**3 - 197*x**2 - 829*x + 161. Give z(-5).
6
Let s(o) = -92034*o - 920338. Calculate s(-10).
2
Let s(b) = -29397*b + 205905. Determine s(7).
126
Let r(b) = 5*b**2 + 72*b - 26. Give r(-11).
-213
Let k(v) = 356*v - 82442. Calculate k(227).
-1630
Let a(f) = -f**3 + 25*f**2 - 105*f + 1004. Give a(22).
146
Let q(g) = 2713*g - 127419. Give q(47).
92
Let t(l) = 944*l - 751423. Calculate t(796).
1
Let d(o) = -11*o**3 + 1061*o**2 - 475*o - 752. Calculate d(96).
-272
Let f(r) = r**3 + 36*r**2 + 250*r + 106. Calculate f(-9).
43
Let s(p) = p**2 + 79*p - 8007. Calculate s(-87).
-7311
Let y(p) = -363360*p + 1453436. What is y(4)?
-4
Let t(g) = -59346*g + 118688. What is t(2)?
-4
Let r(u) = 4677*u - 3229